 is divided by 21?
18
Let w(q) = q + 5. Let s be w(0). Let p(a) = -a**3 + 7*a**2 - 7*a + 4. What is the remainder when 37 is divided by p(s)?
18
What is the remainder when (2 + 91)/(-1 + 2) is divided by 24?
21
Let v(p) = -p**3 - 3*p + 15. Calculate the remainder when 29 is divided by v(0).
14
Let r(n) = -3*n + 1. Let u be r(-1). Suppose 3*i + 17 = 5*i + 3*c, 0 = -u*i - 4*c + 40. Calculate the remainder when i is divided by 4.
1
Let w(p) = -p**3 + 26*p**2 + 56*p + 13. Calculate the remainder when 20 is divided by w(28).
7
Suppose 4*h - 2*h = 3*a + 46, -4*h - 3*a + 56 = 0. What is the remainder when 65 is divided by h?
14
Suppose 3*m + 2*i = 11, -5*m + 24 = -5*i - 11. Calculate the remainder when 18 is divided by m.
3
Let y be (6/(-4))/(6/(-12)). Suppose 2*w = 3 + y. Let i = w + 2. Calculate the remainder when i is divided by 2.
1
Let b(k) = -k**3 + 7*k**2 - 8*k + 2. Calculate the remainder when b(5) is divided by 7.
5
Suppose 4*n - 3*d - 48 = 0, -60 = 2*n - 7*n - 4*d. Calculate the remainder when 2/(-9) - (-832)/18 is divided by n.
10
Let r(j) = 4*j**3 - 3*j**3 + 12*j**3 - 2. What is the remainder when r(2) is divided by 35?
32
Suppose 59 - 13 = u. Let c = -118 + 134. Calculate the remainder when u is divided by c.
14
Let i(c) be the first derivative of -11*c**2/2 + 3*c - 4. Calculate the remainder when i(-4) is divided by 24.
23
Let m(r) = -r**3 + r**2 + 4*r - 3. Let t be m(2). Suppose 2*q + 2*q = 0, -2*b + 4 = 5*q. Calculate the remainder when (4*t)/(-1 - -2) is divided by b.
0
Let c be (-4)/8 - (-22)/(-4). Calculate the remainder when -6*(-3)/c + 11 is divided by 5.
3
Let p be 48/4 - (-1 - -1). Suppose 4*d = -p, 2*x - 2*d - 43 = -d. Let w(z) = -z**3 + z**2 - z - 1. Calculate the remainder when w(-3) is divided by x.
18
Let i = 17 + 45. Calculate the remainder when i is divided by 16.
14
Suppose 4*r - 22 = -5*x, -3*r + 4*r = -2*x + 4. Let o(l) = l**2 + 23*l + 89. What is the remainder when o(-20) is divided by r?
5
Let a = -12 + 28. Calculate the remainder when a is divided by 10.
6
Let w = 3 + -4. Let x(v) = 8*v**3 + v**2 - 1. Let l be x(w). Let p = 33 - l. What is the remainder when p is divided by 14?
13
Suppose 1 = h - 10. Suppose -i - 6*o + 11 = -11*o, -4*o + 78 = 2*i. Calculate the remainder when i is divided by h.
9
Let x = 361 + 180. Suppose -6*s + x = 157. What is the remainder when s is divided by 22?
20
Let g = -14 + 32. Suppose 0 = 2*o - 6*o - 12, -4*v = 2*o - 134. Calculate the remainder when v is divided by 2 + g + (1 - 3).
17
Let h be 5/20 + 15/4. Suppose h*j + 46 = 6*j. What is the remainder when j is divided by 13?
10
Let a = 90 + -59. Let d = a + -7. Calculate the remainder when 71 is divided by d.
23
Suppose 4*z + c - 304 = 0, -c + 8 = 4. Suppose -20 - z = -5*q. Calculate the remainder when q is divided by 3/(6/14)*1.
5
Let y(n) = -n**2 - 12*n - 11. Let f be y(-11). Suppose f = -i - 4*i + 30. Suppose i*t - 2*t = 4. What is the remainder when t is divided by 1?
0
Let m = 162 - 148. Let r(a) = -a**2 - 5*a + 1. Calculate the remainder when m is divided by r(-4).
4
Suppose -2*y - 3*y = s - 217, 4*y + 3*s = 167. What is the remainder when 86 is divided by y?
42
Let p be -1 - (-1)/2*0. Suppose 6*o - 85 = o. Calculate the remainder when o is divided by (5 + p)*(-3)/(-2).
5
Let o be 0*(12/(-4))/(-3). Let j = 15 + o. Calculate the remainder when 28 is divided by j.
13
Suppose -3*r = 4*j - 5, -2*j + 4*r + 20 + 10 = 0. What is the remainder when 7 is divided by j?
2
Let b = 79 + -53. What is the remainder when b is divided by 16?
10
Let u(n) = n**2 + 3*n + 2. Let p be u(-3). Suppose -3*l - p*l - k = -105, 5*l - 90 = 2*k. Calculate the remainder when l is divided by 11.
9
Let n(d) = -3*d + 20. Calculate the remainder when n(0) is divided by 1/(((-4)/(-11))/4).
9
Let j(d) = d**2 + 3*d - 1. Let v be (-3)/3 - (-1 + 3). Let i = -7 - v. Calculate the remainder when 4 is divided by j(i).
1
Let s(c) = 2*c**3 + c**2 - 4*c + 2. What is the remainder when s(2) is divided by 5?
4
Let w(f) = 13*f - 19. Suppose -x + 87 = 3*g, -3*g + 4*g - 29 = -x. Calculate the remainder when w(8) is divided by g.
27
Suppose -16 = -u - 2*i - i, 4*i = 5*u - 23. Suppose 0 = u*x - 3*x - 4. What is the remainder when ((-2 - 0)/2)/(-1) is divided by x?
0
Suppose 14*o - 2*y = 10*o + 64, -5*o + 75 = -5*y. Suppose -2*x = -3 - 3. What is the remainder when o is divided by x?
2
Let v(f) = f**3 + 7*f**2 - 3*f + 4. Let r(c) = -2*c**3 - c**2 + c - 1. What is the remainder when v(-7) is divided by r(-2)?
7
Let p(w) = 4*w - 1. Calculate the remainder when 7 is divided by p(1).
1
What is the remainder when 109 is divided by 1*-1*(0 + 28/(-1))?
25
Let n be (-6)/24 - (-34)/8. Suppose -f + 1 + n = 0. Let o = 12 - -1. What is the remainder when o is divided by f?
3
Suppose -5*c = -2*t + 7*t - 45, 3*c = -5*t + 45. Let z = 13 + 4. What is the remainder when z is divided by t?
8
Suppose -1 - 43 = -2*f. Suppose -3*j - 2*q + 57 = 0, f = 2*j - q - 23. What is the remainder when j is divided by 11?
10
Suppose -9*u = -2*u - 119. Let n = 5 + 0. Calculate the remainder when u is divided by n.
2
Let k(m) = 2*m + 5. Calculate the remainder when 268/6*(-3)/(-2) is divided by k(6).
16
Let h(o) = 70*o + 3. What is the remainder when h(1) is divided by 38?
35
Let f(w) = -w + 7. Let m(u) = 7. Let c(d) = 4*f(d) - 3*m(d). Let g = 1 - -11. Calculate the remainder when c(-7) is divided by g.
11
Suppose -5*h = -2*o + 21, -9 = -0*o - o + h. Suppose 12*y - 1 - 179 = 0. Calculate the remainder when y is divided by o.
7
What is the remainder when -118*-1*(-4)/(-8) is divided by 15?
14
Suppose 5*p + 2 = -3, -30 = 4*m + 2*p. Let a = m + 47. Let u = 9 + 5. Calculate the remainder when a is divided by u.
12
Let s be (-3)/(6/(-2) - 0). What is the remainder when 5 is divided by (-3 + 3 + 3)/s?
2
Let s(o) = 1. Let j(t) = 4*t - 4. Let c(u) = -j(u) - 4*s(u). Calculate the remainder when 22 is divided by c(-3).
10
Let t = 4 + 0. Suppose -3*m = 4*g - 9 - 6, 2*g = -3*m + 15. Suppose -4*r - c = -2*r - 10, m*r = -3*c + 23. Calculate the remainder when r is divided by t.
3
Let r(m) = -57*m - 1. Let d be r(-1). Suppose -5*c + 49 + d = 0. What is the remainder when 61 is divided by c?
19
Let h = -140 + 288. Suppose -r + 187 = 4*l, 4*l - h = r + 49. Suppose -4*y = -0*y - l. What is the remainder when 33 is divided by y?
9
Let k = -4 - -35. What is the remainder when k is divided by 18?
13
Let m(z) = -z**3 - 6*z**2 - 8*z - 4. What is the remainder when 43 is divided by m(-5)?
10
Suppose 2 = 4*t - 26. Suppose -p = 2 - 20. Calculate the remainder when p is divided by t.
4
Suppose 0 = -6*o + 18*o - 60. Calculate the remainder when 15 is divided by o.
0
Let j = -29 - -53. Calculate the remainder when j is divided by 13.
11
Suppose 0 = -11*q + 6*q + 210. Calculate the remainder when q is divided by 15.
12
Suppose -2*o - 28 = -6*o. Let d = -3 + o. Suppose 2 = -z + d. Calculate the remainder when z is divided by 2.
0
Suppose 2*y = -2*y + 224. Suppose 5*d + y = 156. What is the remainder when 58 is divided by d?
18
Suppose 0 = m + 3*z + 7, -2*m + m = z + 5. Let l(a) = 1 - 4*a - 2 - 3. Calculate the remainder when 22 is divided by l(m).
10
Calculate the remainder when 119 is divided by (-5)/30 + -3 + 218/12.
14
Let y(o) = o**2 + 12*o - 16. Suppose 0 = 3*q + x - 65, -3*x = 2*q - 23 - 18. What is the remainder when q is divided by y(-14)?
10
Let c = 4 + 6. Let z(s) = -17*s**3 + s**2 + 2*s + 2. What is the remainder when z(-1) is divided by c?
8
Let k = -36 + 12. Let l = k - -66. Calculate the remainder when l is divided by 11.
9
Suppose 0 = -q - 4. Let y(j) = -5*j + 3. What is the remainder when 91 is divided by y(q)?
22
Suppose 6*u - 2*u - 36 = 0. Suppose -6 = -h + u. What is the remainder when (58/6)/((-2)/(-6)) is divided by h?
14
Let w(n) = 0 + 2 + 2*n + 9*n**2 - n**2. Let u be w(-2). Suppose 2*a = 5*a - u. What is the remainder when a is divided by 4?
2
Let r(j) = 69*j**2. Calculate the remainder when r(-1) is divided by 12.
9
Let b(d) = d**2 - 9*d + 2. Let c be b(9). Calculate the remainder when 53/1 + -4 + c is divided by 18.
15
Suppose -9*x + 75 = -4*x. Suppose 2*o = x - 1. Calculate the remainder when 11 is divided by o.
4
Suppose 15 = 9*g - 6*g. What is the remainder when 12 is divided by g?
2
Suppose -2*k = -2 - 12. What 